
-11102404 (base 5) to base 10
-97229
What is 2122200201100 (base 3) in base 9?
2580640
-27675671 (base 8) to base 14
-b8c66d
What is 32053 (base 9) in base 2?
101001011000101
Convert -103313011 (base 4) to base 3.
-11010120221
Convert c7c482 (base 15) to base 12.
3226665
-2262 (base 8) to base 4
-102302
Convert 10001110101011000101011 (base 2) to base 7.
54511034
What is -5142554 (base 6) in base 5?
-30400021
-7041736 (base 10) to base 3
-111020202110001
406212 (base 8) to base 12
65862
What is -375d2 (base 16) in base 13?
-7c2ab
What is -24243 (base 10) in base 8?
-57263
-10b320 (base 12) to base 2
-1000001100000001000
Convert 105a3 (base 15) to base 10.
51903
Convert 50702 (base 14) to base 2.
101111001110101110
Convert b1ac5 (base 13) to base 5.
40140334
Convert 165310 (base 14) to base 15.
106d62
What is -1003412230 (base 6) in base 10?
-10250586
-10101111100100100110001 (base 2) to base 3
-101211021211011
6284479 (base 11) to base 2
101010001111101110111010
What is 22aba6 (base 12) in base 6?
15543530
Convert -2220121000210 (base 3) to base 13.
-42217b
Convert 121210434 (base 5) to base 10.
569494
-6836 (base 16) to base 4
-12200312
386112 (base 9) to base 7
1663340
What is -144511 (base 13) in base 14?
-cc664
Convert 22480 (base 13) to base 3.
10011110021
Convert 1503aa (base 12) to base 15.
6e934
Convert 54357 (base 12) to base 8.
330763
101110010010111111 (base 2) to base 4
232102333
Convert 63735703 (base 8) to base 10.
13614019
121120221101120 (base 3) to base 6
512550323
What is 101110010001011001101 (base 2) in base 3?
2212000212221
What is -1316432 (base 7) in base 4?
-222023030
-1430025 (base 7) to base 8
-567143
101100010100100 (base 2) to base 7
123105
-208038 (base 13) to base 2
-10111001100110010001
Convert -21ba4 (base 13) to base 4.
-32332000
-113333312 (base 4) to base 6
-2035022
112330011220 (base 4) to base 3
102022111200101
Convert -12100313312 (base 4) to base 10.
-1641974
Convert -111101100001010100 (base 2) to base 4.
-331201110
What is 1c5023a (base 13) in base 8?
43751155
What is -3a3b8 (base 13) in base 16?
-1a717
What is 36286a5 (base 11) in base 8?
30073140
Convert -146608 (base 9) to base 11.
-61815
-101e675 (base 15) to base 3
-210121202021002
Convert 39a44 (base 12) to base 8.
232624
What is 23634443 (base 7) in base 12?
858a65
-113854 (base 9) to base 12
-3377a
Convert 1ca869 (base 13) to base 12.
2b690a
-db51 (base 14) to base 11
-26524
-11111110001 (base 2) to base 7
-5633
114750 (base 10) to base 13
402cc
What is -25675 (base 13) in base 12?
-34081
What is 1110120022222 (base 3) in base 9?
1416288
-2159448 (base 10) to base 15
-2c9c83
16195 (base 10) to base 14
5c8b
3a999 (base 13) to base 15
225ba
3a5b3c (base 13) to base 16
158d20
10110101100001011101111 (base 2) to base 11
33a2a23
What is -235705 (base 8) in base 10?
-80837
256622 (base 7) to base 13
18ac4
Convert 1215036 (base 12) to base 8.
15315352
What is 499380 (base 10) in base 5?
111440010
Convert 2443032 (base 6) to base 16.
1fcdc
What is 31022311 (base 5) in base 14?
67981
Convert 103023240 (base 5) to base 6.
13225151
-1110001110100100100011 (base 2) to base 6
-211535043
-1281a83 (base 13) to base 3
-101220202200100
Convert 443543551 (base 6) to base 8.
36466073
What is 7594c (base 13) in base 11?
13571a
What is 82840 (base 11) in base 7?
1012123
3223114 (base 6) to base 16
26c56
Convert -213541 (base 9) to base 12.
-617b4
What is -123110101 (base 4) in base 5?
-12040024
What is c2ab67 (base 14) in base 3?
110100022012001
Convert -cc544 (base 13) to base 14.
-98ba5
-1200242203 (base 5) to base 15
-392d03
Convert -42033213 (base 5) to base 12.
-148322
What is 2205313 (base 7) in base 11?
175498
What is 4a2631 (base 12) in base 4?
10212230011
What is -2024 (base 13) in base 9?
-6055
Convert -302a65 (base 13) to base 2.
-100010001011100101110
23103237 (base 8) to base 3
100102210120010
What is -18b04a (base 16) in base 11?
-a05694
Convert -3241244 (base 5) to base 2.
-1101101000010000
What is -13ddab (base 16) in base 6?
-43523243
What is 213031 (base 13) in base 2?
10111101111000110010
What is -140432220 (base 5) in base 11?
-450335
-12012011110 (base 3) to base 10
-102180
-74b103 (base 13) to base 12
-b00342
Convert 151da5 (base 15) to base 14.
1c74a7
-11204012 (base 5) to base 16
-1889b
What is -35732777 (base 8) in base 12?
-2764193
Convert -111100011000001111110 (base 2) to base 16.
-1e307e
Convert -1211400421 (base 5) to base 11.
-1670318
4573a (base 12) to base 8
264736
Convert -1656206 (base 8) to base 4.
-1311302012
Convert -105915 (base 10) to base 3.
-12101021210
12242444 (base 6) to base 7
3232255
Convert 417527 (base 10) to base 9.
705658
-200221222000001 (base 3) to base 9
-20858001
192774 (base 10) to base 11
12191a
-7746052 (base 8) to base 10
-2083882
What is 75a62a (base 13) in base 3?
12012110200211
What is 34bef (base 16) in base 4?
310233233
-1135231 (base 6) to base 8
-164143
What is -3310213 (base 5) in base 8?
-157145
What is 121020111 (base 3) in base 13?
5509
b02ee (base 15) to base 2
10001000000111101101
Convert 8817a (base 12) to base 16.
2beee
What is -58428 (base 12) in base 11?
-80815
-545354512 (base 6) to base 15
-cd355e
b1bbeb (base 15) to base 6
500550335
-321343 (base 9) to base 14
-4d9cc
-b830 (base 16) to base 14
-13280
What is -16461354 (base 7) in base 11?
-a00901
Convert 5360375 (base 9) to base 16.
2bdaad
What is 2032307 (base 8) in base 11?
338069
What is 356b7 (base 13) in base 16?
17e28
16e31 (base 16) to base 13
33892
12ad2dc (base 15) to base 7
222260304
What is -40e9c4 (base 15) in base 3?
-12210211111211
What is -10020013023 (base 4) in base 12?
-442063
Convert -1001101010010100001011 (base 2) to base 6.
-130141031
What is -357880 (base 10) in base 5?
-42423010
What is 5c4a1 (base 13) in base 9?
278142
-44412123 (base 5) to base 12
-168939
Convert 4703571 (base 8) to base 4.
10320131321
What is 3464463 (base 9) in base 8?
7112436
What is 82548a9 (base 11) in base 15?
142d43b
What is -1151123 (base 7) in base 13?
-51b09
-90e19 (base 16) to base 6
-20415213
What is -2011543 (base 7) in base 15?
-4a92d
What is 130895 (base 12) in base 7?
2440340
-161aa2 (base 11) to base 14
-6795c
Convert -5c269 (base 15) to base 2.
-1000111110100011110
Convert -31429 (base 10) to base 9.
-47101
-1230076 (base 9) to base 2
-10100011011001101011
What is -215120 (base 7) in base 11?
-26438
1983c0 (base 15) to base 12
4bb2b3
What is -6611061 (base 8) in base 12?
-716841
2101022021 (base 4) to base 6
20424345
Convert 307920 (base 10) to base 11.
1a0388
-2011003342 (base 5) to base 15
-5404d2
What is -11212000002 (base 3) in base 11?
-6582a
What is 1517176 (base 9) in base 12?
3452b0
Convert -441057 (base 15) to base 16.
-317dc1
Convert -104041303 (base 5) to base 9.
-764245
13353734 (base 9) to base 2
11001001000111001001101
Convert -222333123231 (base 4) to base 15.
-ec9349
-24340142 (base 6) to base 3
-1110101012022
-1101313421 (base 5) to base 6
-122443325
Convert -292737 (base 10) to base 14.
-7897b
-41b5 (base 12) to base 2
-1110000011001
Convert 83476 (base 9) to base 11.
38412
Convert 236507 (base 9) to base 11.
98127
What is 122667 (base 11) in base 15?
3c649
What is -4242230 (base 5) in base 13?
-26760
Convert -4b9b7 (base 12) to base 9.
-166734
3ba87 (base 12) to base 13
2b891
Convert 7ba7 (base 16) to base 14.
b771
What is 32151025 (base 6) in base 15?
13ab8e
What is -5a75725 (base 11) in base 4?
-220112212123
Convert 18a189 (base 11) to base 7.
2323313
What is -1168854 (base 9) in base 4?
-2123113201
What is 1478a7 (base 14) in base 10?
712411
What is 1003113000 (base 4) in base 6?
5525200
-113320222101 (base 4) to base 5
-3100331033
Convert -134de8 (base 16) to base 10.
-1265128
-571a422 (base 11) to base 6
-554343205
What is -506717 (base 9) in base 13?
-a6846
-1325060 (base 7) to base 14
-478d7
Convert -3564 (base 7) to base 5.
-20240
What is 46b0c (base 15) in base 2?
110110111111010101
9e8df2 (base 16) to base 10
10391026
Convert -412224212 (base 5) to base 13.
-46a857
-631400 (base 7) to base 14
-2b800
Convert -1101000000100110010 (base 2) to base 10.
-426290
Convert 43c65d (base 14) to base 11.
1331634
What is -11110221012 (base 3) in base 6?
-1520052
-1370 (base 14) to base 2
-110101100110
-3800